en 1130104 is divided by 1645.
1634
What is the remainder when 15886 is divided by 963?
478
Calculate the remainder when 1283140 is divided by 1401.
1225
What is the remainder when 25236 is divided by 25230?
6
Calculate the remainder when 1264283 is divided by 26339.
11
Calculate the remainder when 4531771 is divided by 27.
10
Calculate the remainder when 5830979 is divided by 3095.
3094
What is the remainder when 656621 is divided by 218692?
545
What is the remainder when 30738 is divided by 4362?
204
What is the remainder when 766615 is divided by 20114?
2283
Calculate the remainder when 336040 is divided by 1074.
952
Calculate the remainder when 36759603 is divided by 2297475.
3
What is the remainder when 18483606 is divided by 11?
9
What is the remainder when 45561 is divided by 175?
61
Calculate the remainder when 60988981 is divided by 56.
53
Calculate the remainder when 30590325 is divided by 77.
73
Calculate the remainder when 27954278 is divided by 113.
112
What is the remainder when 785843 is divided by 157031?
688
Calculate the remainder when 551738 is divided by 49.
47
Calculate the remainder when 12676449 is divided by 99.
93
What is the remainder when 599303 is divided by 11751?
2
Calculate the remainder when 295367 is divided by 295322.
45
Calculate the remainder when 367272 is divided by 36726.
12
Calculate the remainder when 63468240 is divided by 145904.
0
Calculate the remainder when 410342 is divided by 316.
174
What is the remainder when 3284983 is divided by 667?
8
Calculate the remainder when 291302 is divided by 29.
26
What is the remainder when 18341101 is divided by 1168?
1165
What is the remainder when 6878195 is divided by 280?
275
Calculate the remainder when 396013 is divided by 400.
13
Calculate the remainder when 2754773 is divided by 2621.
102
Calculate the remainder when 7134810 is divided by 29728.
90
Calculate the remainder when 2056029 is divided by 137066.
39
Calculate the remainder when 2640715 is divided by 43.
42
Calculate the remainder when 1330746 is divided by 265810.
1696
Calculate the remainder when 447907 is divided by 779.
761
What is the remainder when 939720 is divided by 18?
12
What is the remainder when 5141995 is divided by 2570925?
145
Calculate the remainder when 109734 is divided by 218.
80
What is the remainder when 8015777 is divided by 2003928?
65
What is the remainder when 18872045 is divided by 895?
75
Calculate the remainder when 18560173 is divided by 688.
685
What is the remainder when 2603379 is divided by 3902?
745
Calculate the remainder when 781883 is divided by 334.
323
What is the remainder when 23253121 is divided by 58?
51
What is the remainder when 884369 is divided by 264?
233
Calculate the remainder when 307627 is divided by 83.
29
Calculate the remainder when 242223 is divided by 5154.
5139
Calculate the remainder when 127265 is divided by 14138.
23
What is the remainder when 8153147 is divided by 25?
22
Calculate the remainder when 1921265 is divided by 136.
129
What is the remainder when 24947 is divided by 1046?
889
Calculate the remainder when 8745549 is divided by 13538.
1
What is the remainder when 13897 is divided by 28?
9
Calculate the remainder when 10068821 is divided by 279689.
17
Calculate the remainder when 176382358 is divided by 405.
403
What is the remainder when 405977 is divided by 202913?
151
Calculate the remainder when 744687 is divided by 2523.
402
What is the remainder when 740649 is divided by 1143?
1128
What is the remainder when 19133 is divided by 42?
23
Calculate the remainder when 3213522 is divided by 247194.
0
Calculate the remainder when 2047714 is divided by 458.
454
Calculate the remainder when 85581 is divided by 3753.
3015
Calculate the remainder when 9636337 is divided by 19389.
4
Calculate the remainder when 141463 is divided by 11649.
1675
Calculate the remainder when 51254233 is divided by 3105.
3103
What is the remainder when 232789 is divided by 256?
85
What is the remainder when 18790358 is divided by 517?
510
What is the remainder when 367450 is divided by 1426?
968
What is the remainder when 3562026 is divided by 1681?
1668
What is the remainder when 28125063 is divided by 118?
117
What is the remainder when 4433688 is divided by 59?
15
What is the remainder when 752052 is divided by 187766?
988
What is the remainder when 587873 is divided by 66?
11
Calculate the remainder when 1921884 is divided by 960845.
194
Calculate the remainder when 49120 is divided by 4399.
731
Calculate the remainder when 343023 is divided by 491.
305
Calculate the remainder when 991864 is divided by 1254.
1204
What is the remainder when 1745040 is divided by 7363?
9
What is the remainder when 3427506 is divided by 187?
170
Calculate the remainder when 7630456 is divided by 586957.
15
What is the remainder when 10441545 is divided by 73?
63
What is the remainder when 11245228 is divided by 160?
108
What is the remainder when 22929054 is divided by 5458?
5454
What is the remainder when 784055 is divided by 87?
11
Calculate the remainder when 16210195 is divided by 4052532.
67
Calculate the remainder when 10299974 is divided by 429165.
14
What is the remainder when 480474966 is divided by 39?
36
Calculate the remainder when 4638625 is divided by 687.
1
What is the remainder when 69464 is divided by 9534?
2726
Calculate the remainder when 20092 is divided by 395.
342
What is the remainder when 100119 is divided by 11025?
894
What is the remainder when 84055343 is divided by 2782?
2777
What is the remainder when 206309 is divided by 6?
5
What is the remainder when 1856672 is divided by 928336?
0
What is the remainder when 8299 is divided by 2684?
247
Calculate the remainder when 208467 is divided by 23138.
225
What is the remainder when 639433 is divided by 319605?
223
Calculate the remainder when 19946930 is divided by 725.
5
Calculate the remainder when 750754 is divided by 747.
19
Calculate the remainder when 12916530 is divided by 3229119.
54
What is the remainder when 410386 is divided by 408500?
1886
Calculate the remainder when 153854 is divided by 30762.
44
What is the remainder when 107705 is divided by 21466?
375
What is the remainder when 1229361 is divided by 643?
588
What is the remainder when 170149355 is divided by 1112?
11
Calculate the remainder when 565651 is divided by 240.
211
Calculate the remainder when 2136043 is divided by 53401.
3
What is the remainder when 934965 is divided by 3568?
149
What is the remainder when 270691 is divided by 562?
369
Calculate the remainder when 13314574 is divided by 11.
9
What is the remainder when 397814 is divided by 33128?
278
Calculate the remainder when 3166294 is divided by 1583145.
4
What is the remainder when 37792 is divided by 37680?
112
Calculate the remainder when 96312 is divided by 2564.
1444
Calculate the remainder when 41777570 is divided by 20888782.
6
What is the remainder when 56102166 is divided by 10311?
15
What is the remainder when 7010711 is divided by 1116?
1115
What is the remainder when 631318 is divided by 6461?
4601
What is the remainder when 7420251 is divided by 1394?
1383
What is the remainder when 395384 is divided by 394450?
934
Calculate the remainder when 1222032 is divided by 2194.
2168
Calculate the remainder when 43385261 is divided by 1090.
1081
What is the remainder when 1549266 is divided by 129104?
18
What is the remainder when 15786 is divided by 459?
180
What is the remainder when 44526 is divided by 71?
9
Calculate the remainder when 279004 is divided by 196.
96
Calculate the remainder when 9560907 is divided by 2137.
2106
Calculate the remainder when 149372 is divided by 180.
152
Calculate the remainder when 62910299 is divided by 77.
67
What is the remainder when 17693260 is divided by 3282?
3280
Calculate the remainder when 463484 is divided by 1723.
1720
What is the remainder when 40382429 is divided by 1172?
1169
Calculate the remainder when 1169666 is divided by 77977.
11
Calculate the remainder when 943760 is divided by 1139.
668
What is the remainder when 16679677 is divided by 628?
625
Calculate the remainder when 788334 is divided by 209.
195
Calculate the remainder when 7596990 is divided by 34.
30
What is the remainder when 3678280 is div